d by 47.
44
Calculate the remainder when 1123 is divided by 391.
341
Calculate the remainder when 823 is divided by 286.
251
Calculate the remainder when 673 is divided by 75.
73
Calculate the remainder when 287 is divided by 72.
71
Calculate the remainder when 46 is divided by 3.
1
Calculate the remainder when 378 is divided by 95.
93
Calculate the remainder when 1000 is divided by 84.
76
Calculate the remainder when 2396 is divided by 51.
50
Calculate the remainder when 251 is divided by 28.
27
What is the remainder when 2249 is divided by 75?
74
What is the remainder when 840 is divided by 152?
80
What is the remainder when 845 is divided by 47?
46
What is the remainder when 104 is divided by 16?
8
Calculate the remainder when 1377 is divided by 60.
57
What is the remainder when 2881 is divided by 105?
46
Calculate the remainder when 369 is divided by 53.
51
Calculate the remainder when 85 is divided by 15.
10
Calculate the remainder when 579 is divided by 107.
44
What is the remainder when 224 is divided by 76?
72
Calculate the remainder when 3606 is divided by 19.
15
Calculate the remainder when 590 is divided by 193.
11
Calculate the remainder when 758 is divided by 232.
62
What is the remainder when 4312 is divided by 717?
10
What is the remainder when 298 is divided by 76?
70
What is the remainder when 525 is divided by 31?
29
What is the remainder when 198 is divided by 25?
23
What is the remainder when 66 is divided by 7?
3
What is the remainder when 759 is divided by 38?
37
What is the remainder when 1388 is divided by 44?
24
Calculate the remainder when 2031 is divided by 19.
17
What is the remainder when 354 is divided by 64?
34
What is the remainder when 55 is divided by 18?
1
What is the remainder when 2745 is divided by 22?
17
Calculate the remainder when 164 is divided by 10.
4
What is the remainder when 2664 is divided by 29?
25
Calculate the remainder when 456 is divided by 17.
14
What is the remainder when 866 is divided by 303?
260
Calculate the remainder when 532 is divided by 25.
7
What is the remainder when 101 is divided by 27?
20
What is the remainder when 37 is divided by 32?
5
Calculate the remainder when 869 is divided by 285.
14
Calculate the remainder when 666 is divided by 170.
156
Calculate the remainder when 156 is divided by 91.
65
Calculate the remainder when 214 is divided by 48.
22
Calculate the remainder when 1383 is divided by 24.
15
Calculate the remainder when 49 is divided by 33.
16
Calculate the remainder when 115 is divided by 24.
19
Calculate the remainder when 1311 is divided by 22.
13
Calculate the remainder when 4204 is divided by 263.
259
Calculate the remainder when 46 is divided by 16.
14
Calculate the remainder when 4761 is divided by 48.
9
What is the remainder when 258 is divided by 52?
50
What is the remainder when 66 is divided by 17?
15
Calculate the remainder when 1664 is divided by 15.
14
What is the remainder when 691 is divided by 76?
7
What is the remainder when 3978 is divided by 331?
6
What is the remainder when 43 is divided by 5?
3
Calculate the remainder when 123 is divided by 53.
17
What is the remainder when 140 is divided by 49?
42
What is the remainder when 1359 is divided by 20?
19
What is the remainder when 656 is divided by 213?
17
Calculate the remainder when 24 is divided by 4.
0
What is the remainder when 178 is divided by 19?
7
What is the remainder when 300 is divided by 107?
86
What is the remainder when 80 is divided by 16?
0
What is the remainder when 416 is divided by 14?
10
What is the remainder when 297 is divided by 2?
1
What is the remainder when 250 is divided by 5?
0
Calculate the remainder when 370 is divided by 54.
46
Calculate the remainder when 69214 is divided by 96.
94
What is the remainder when 877 is divided by 123?
16
Calculate the remainder when 2895 is divided by 38.
7
Calculate the remainder when 26 is divided by 4.
2
What is the remainder when 78 is divided by 16?
14
Calculate the remainder when 488 is divided by 12.
8
What is the remainder when 125 is divided by 9?
8
What is the remainder when 64 is divided by 28?
8
What is the remainder when 831 is divided by 139?
136
Calculate the remainder when 4476 is divided by 7.
3
What is the remainder when 53 is divided by 5?
3
What is the remainder when 1724 is divided by 69?
68
Calculate the remainder when 1168 is divided by 1.
0
What is the remainder when 161 is divided by 60?
41
What is the remainder when 145 is divided by 73?
72
Calculate the remainder when 433 is divided by 62.
61
What is the remainder when 122 is divided by 118?
4
Calculate the remainder when 2866 is divided by 19.
16
Calculate the remainder when 547 is divided by 52.
27
Calculate the remainder when 345 is divided by 112.
9
Calculate the remainder when 556 is divided by 80.
76
Calculate the remainder when 777 is divided by 260.
257
What is the remainder when 160 is divided by 53?
1
What is the remainder when 633 is divided by 154?
17
Calculate the remainder when 136 is divided by 24.
16
What is the remainder when 141 is divided by 74?
67
What is the remainder when 82 is divided by 21?
19
Calculate the remainder when 62 is divided by 43.
19
What is the remainder when 35 is divided by 15?
5
What is the remainder when 71 is divided by 23?
2
Calculate the remainder when 15077 is divided by 58.
55
What is the remainder when 3024 is divided by 1501?
22
Calculate the remainder when 542 is divided by 32.
30
What is the remainder when 2356 is divided by 138?
10
What is the remainder when 561 is divided by 25?
11
Calculate the remainder when 50 is divided by 9.
5
Calculate the remainder when 57 is divided by 16.
9
What is the remainder when 622 is divided by 288?
46
Calculate the remainder when 31 is divided by 10.
1
What is the remainder when 20 is divided by 6?
2
What is the remainder when 500 is divided by 24?
20
Calculate the remainder when 1381 is divided by 158.
117
What is the remainder when 9727 is divided by 47?
45
What is the remainder when 1415 is divided by 468?
11
What is the remainder when 736 is divided by 390?
346
Calculate the remainder when 42 is divided by 6.
0
Calculate the remainder when 1020 is divided by 482.
56
What is the remainder when 87 is divided by 14?
3
What is the remainder when 368 is divided by 191?
177
Calculate the remainder when 1207 is divided by 47.
32
Calculate the remainder when 2506 is divided by 57.
55
Calculate the remainder when 8063 is divided by 21.
20
What is the remainder when 1426 is divided by 51?
49
Calculate the remainder when 183 is divided by 46.
45
Calculate the remainder when 1442 is divided by 29.
21
Calculate the remainder when 712 is divided by 42.
40
Calculate the remainder when 2231 is divided by 31.
30
Calculate the remainder when 67 is divided by 50.
17
Calculate the remainder when 267 is divided by 20.
7
Calculate the remainder when 330 is divided by 89.
63
Calculate the remainder when 1114 is divided by 14.
8
Calculate the remainder when 426 is divided by 22.
8
What is the remainder when 11009 is divided by 7?
5
Calculate the remainder when 277 is divided by 54.
7
Calculate the remainder when 378 is divided by 16.
10
What is the remainder when 1870 is divided by 14?
8
What is the remainder when 410 is divided by 138?
134
Calculate the remainder when 583 is divided by 151.
130
Calculate the remainder when 42 is divided by 15.
12
Calculate the remainder when 279 is divided by 28.
27
Calculate the remainder when 2856 is divided by 13.
9
What is the remainder when 160 is divided by 16?
0
What is the remainder when 12559 is divided by 206?
199
Calculate the remainder when 2883 is divided by 170.
163
What is the remainder when 566 is divided by 7?
6
Calculate the remainder when 95 is divided by 22.
7
What is the remainder when 86 is divided by 23?
17
What is the remainder when 4121 is divided by 16?
9
Calculate the remainder when 150 is divided by 119.
31
Calculate the remainder when 9 is divided by 7.
2
Calculate the remainder when 70 is divided by 65.
5
Calculate the remainder when 283 is divided by 33.
19
What is the remainder when 2872 is divided by 160?
152
Calculate the remainder when 3356 is divided by 28.
24
What is the remainder when 3074 is divided by 154?
148
Ca